{"id":384,"date":"2021-10-27T19:37:52","date_gmt":"2021-10-27T19:37:52","guid":{"rendered":"https:\/\/tunatheme.com\/tf\/wp\/autixir\/?page_id=384"},"modified":"2021-10-27T19:37:52","modified_gmt":"2021-10-27T19:37:52","slug":"faq","status":"publish","type":"page","link":"https:\/\/adsmethod.com\/demolar\/otomotiv\/1\/index.php\/faq\/","title":{"rendered":"Frequently asked questions"},"content":{"rendered":"\t\t<div data-elementor-type=\"wp-page\" data-elementor-id=\"384\" class=\"elementor elementor-384\">\n\t\t\t\t\t\t<section class=\"elementor-section elementor-top-section elementor-element elementor-element-da66afc elementor-section-boxed elementor-section-height-default elementor-section-height-default\" data-id=\"da66afc\" data-element_type=\"section\">\n\t\t\t\t\t\t<div class=\"elementor-container elementor-column-gap-default\">\n\t\t\t\t\t<div class=\"elementor-column elementor-col-66 elementor-top-column elementor-element elementor-element-35b3ad0\" data-id=\"35b3ad0\" data-element_type=\"column\">\n\t\t\t<div class=\"elementor-widget-wrap elementor-element-populated\">\n\t\t\t\t\t\t<div class=\"elementor-element elementor-element-b3edf12 elementor-widget elementor-widget-autixir_faq\" data-id=\"b3edf12\" data-element_type=\"widget\" data-widget_type=\"autixir_faq.default\">\n\t\t\t\t<div class=\"elementor-widget-container\">\n\t\t\t<div class=\"ltn__faq-inner ltn__faq-inner-2\">\r\n    <div id=\"accordion_2\">\r\n                <div class=\"card\">\r\n            <h6 class=\"collapsed ltn__card-title\" data-bs-toggle =\"collapse\" data-bs-target=\"#faq-item-1\" aria-expanded=\"false\">\r\n            How to buy a product?            <\/h6>\r\n            <div id=\"faq-item-1\" class=\"collapse \" data-parent=\"#accordion_2\">\r\n                <div class=\"card-body\">\r\n                    <p>Lorem ipsum dolor sit amet, consect etur adipisicing elit, sed do eiusmod tempor incididunt ut labore.<\/p>\r\n                <\/div>\r\n            <\/div>\r\n        <\/div>\r\n                <div class=\"card\">\r\n            <h6 class=\"collapsed ltn__card-title\" data-bs-toggle =\"collapse\" data-bs-target=\"#faq-item-2\" aria-expanded=\"false\">\r\n            How can i make refund from your website?            <\/h6>\r\n            <div id=\"faq-item-2\" class=\"collapse show\" data-parent=\"#accordion_2\">\r\n                <div class=\"card-body\">\r\n                    <p>Lorem ipsum dolor sit amet, consect etur adipisicing elit, sed do eiusmod tempor incididunt ut labore.<\/p>\r\n                <\/div>\r\n            <\/div>\r\n        <\/div>\r\n                <div class=\"card\">\r\n            <h6 class=\"collapsed ltn__card-title\" data-bs-toggle =\"collapse\" data-bs-target=\"#faq-item-3\" aria-expanded=\"false\">\r\n            I am a new user. How should I start?            <\/h6>\r\n            <div id=\"faq-item-3\" class=\"collapse \" data-parent=\"#accordion_2\">\r\n                <div class=\"card-body\">\r\n                    <p>Lorem ipsum dolor sit amet, consectetur adipiscing elit, sed do eiusmod tempor incididunt ut labore et dolore magna aliqua. Scelerisque eleifend donec pretium vulputate sapien nec sagittis. Proin libero nunc consequat interdum. Condimentum lacinia quis vel eros donec ac. Mauris sit amet massa vitae tortor. Quisque id diam vel quam elementum pulvinar. Gravida in fermentum et sollicitudin ac orci phasellus. Facilisis gravida neque convallis a cras semper. Non arcu risus quis varius quam quisque id<\/p>\r\n                <\/div>\r\n            <\/div>\r\n        <\/div>\r\n                <div class=\"card\">\r\n            <h6 class=\"collapsed ltn__card-title\" data-bs-toggle =\"collapse\" data-bs-target=\"#faq-item-4\" aria-expanded=\"false\">\r\n            How to buy a product?            <\/h6>\r\n            <div id=\"faq-item-4\" class=\"collapse \" data-parent=\"#accordion_2\">\r\n                <div class=\"card-body\">\r\n                    <p>Lorem ipsum dolor sit amet, consectetur adipiscing elit, sed do eiusmod tempor incididunt ut labore et dolore magna aliqua. Scelerisque eleifend donec pretium vulputate sapien nec sagittis. Proin libero nunc consequat interdum. Condimentum lacinia quis vel eros donec ac. Mauris sit amet massa vitae tortor. Quisque id diam vel quam elementum pulvinar. Gravida in fermentum et sollicitudin ac orci phasellus. Facilisis gravida neque convallis a cras semper. Non arcu risus quis varius quam quisque id<\/p>\r\n                <\/div>\r\n            <\/div>\r\n        <\/div>\r\n                <div class=\"card\">\r\n            <h6 class=\"collapsed ltn__card-title\" data-bs-toggle =\"collapse\" data-bs-target=\"#faq-item-5\" aria-expanded=\"false\">\r\n             Returns and refunds            <\/h6>\r\n            <div id=\"faq-item-5\" class=\"collapse \" data-parent=\"#accordion_2\">\r\n                <div class=\"card-body\">\r\n                    <p>Lorem ipsum dolor sit amet, consectetur adipiscing elit, sed do eiusmod tempor incididunt ut labore et dolore magna aliqua. Scelerisque eleifend donec pretium vulputate sapien nec sagittis. Proin libero nunc consequat interdum. Condimentum lacinia quis vel eros donec ac. Mauris sit amet massa vitae tortor. Quisque id diam vel quam elementum pulvinar. Gravida in fermentum et sollicitudin ac orci phasellus. Facilisis gravida neque convallis a cras semper. Non arcu risus quis varius quam quisque id<\/p>\r\n                <\/div>\r\n            <\/div>\r\n        <\/div>\r\n                <div class=\"card\">\r\n            <h6 class=\"collapsed ltn__card-title\" data-bs-toggle =\"collapse\" data-bs-target=\"#faq-item-6\" aria-expanded=\"false\">\r\n            How to buy a product?            <\/h6>\r\n            <div id=\"faq-item-6\" class=\"collapse \" data-parent=\"#accordion_2\">\r\n                <div class=\"card-body\">\r\n                    <p>Lorem ipsum dolor sit amet, consect etur adipisicing elit, sed do eiusmod tempor incididunt ut labore.<\/p>\r\n                <\/div>\r\n            <\/div>\r\n        <\/div>\r\n                <div class=\"card\">\r\n            <h6 class=\"collapsed ltn__card-title\" data-bs-toggle =\"collapse\" data-bs-target=\"#faq-item-7\" aria-expanded=\"false\">\r\n            How do I make payment by my credit card            <\/h6>\r\n            <div id=\"faq-item-7\" class=\"collapse \" data-parent=\"#accordion_2\">\r\n                <div class=\"card-body\">\r\n                    <p>Lorem ipsum dolor sit amet, consect etur adipisicing elit, sed do eiusmod tempor incididunt ut labore.<\/p>\r\n                <\/div>\r\n            <\/div>\r\n        <\/div>\r\n                         \r\n    <\/div>\r\n    <div class=\"need-support text-center mt-100\">\r\n        <h2>Still need help? Reach out to support 24\/7:<\/h2>\r\n        <div class=\"btn-wrapper mb-30\">\r\n            <a href=\"https:\/\/tunatheme.com\/tf\/wp\/autixir\/contact\/\" class=\"theme-btn-1 btn\">Contact Us<\/a>\r\n        <\/div>\r\n        <h3><i class=\"fas fa-phone\"><\/i>+0123-456-789<\/h3>\r\n    <\/div>\r\n<\/div>\r\n \t\t<\/div>\n\t\t\t\t<\/div>\n\t\t\t\t\t<\/div>\n\t\t<\/div>\n\t\t\t\t<div class=\"elementor-column elementor-col-33 elementor-top-column elementor-element elementor-element-691c63c\" data-id=\"691c63c\" data-element_type=\"column\">\n\t\t\t<div class=\"elementor-widget-wrap elementor-element-populated\">\n\t\t\t\t\t\t<div class=\"elementor-element elementor-element-1a0f847 elementor-widget elementor-widget-sidebar\" data-id=\"1a0f847\" data-element_type=\"widget\" data-widget_type=\"sidebar.default\">\n\t\t\t\t<div class=\"elementor-widget-container\">\n\t\t\t<div id=\"block-5\" class=\"widget-2 widget_block\"><div class=\"wp-block-group\"><div class=\"wp-block-group__inner-container is-layout-flow wp-block-group-is-layout-flow\"><h2 class=\"wp-block-heading\">Ar\u015fivler<\/h2><ul class=\"wp-block-archives-list wp-block-archives\">\t<li><a href='https:\/\/adsmethod.com\/demolar\/otomotiv\/1\/index.php\/2024\/05\/'>May\u0131s 2024<\/a><\/li>\n\t<li><a href='https:\/\/adsmethod.com\/demolar\/otomotiv\/1\/index.php\/2022\/01\/'>Ocak 2022<\/a><\/li>\n\t<li><a href='https:\/\/adsmethod.com\/demolar\/otomotiv\/1\/index.php\/2021\/10\/'>Ekim 2021<\/a><\/li>\n<\/ul><\/div><\/div><\/div><div id=\"block-6\" class=\"widget-2 widget_block\"><div class=\"wp-block-group\"><div class=\"wp-block-group__inner-container is-layout-flow wp-block-group-is-layout-flow\"><h2 class=\"wp-block-heading\">Kategoriler<\/h2><ul class=\"wp-block-categories-list wp-block-categories\">\t<li class=\"cat-item cat-item-2\"><a href=\"https:\/\/adsmethod.com\/demolar\/otomotiv\/1\/index.php\/category\/business\/\">Business<\/a>\n<\/li>\n\t<li class=\"cat-item cat-item-4\"><a href=\"https:\/\/adsmethod.com\/demolar\/otomotiv\/1\/index.php\/category\/creative\/\">Creative<\/a>\n<\/li>\n\t<li class=\"cat-item cat-item-1\"><a href=\"https:\/\/adsmethod.com\/demolar\/otomotiv\/1\/index.php\/category\/genel\/\">Genel<\/a>\n<\/li>\n\t<li class=\"cat-item cat-item-5\"><a href=\"https:\/\/adsmethod.com\/demolar\/otomotiv\/1\/index.php\/category\/technology\/\">Technology<\/a>\n<\/li>\n<\/ul><\/div><\/div><\/div><div id=\"service_sidebar_menu-1\" class=\"widget-2 sidebar-categories\"><div class=\"ltn__menu-widget ltn__menu-widget-2 text-uppercase\"><ul><li><a href=\"https:\/\/adsmethod.com\/demolar\/otomotiv\/1\/index.php\/services\/preventative-maintenance\/\" title=\"Preventative Maintenance\">Preventative Maintenance<span><i class=\"fas fa-arrow-right\"><\/i><\/span><\/a><\/li><li><a href=\"https:\/\/adsmethod.com\/demolar\/otomotiv\/1\/index.php\/services\/tires-wheels\/\" title=\"Tires &#038; Wheels\">Tires &#038; Wheels<span><i class=\"fas fa-arrow-right\"><\/i><\/span><\/a><\/li><li><a href=\"https:\/\/adsmethod.com\/demolar\/otomotiv\/1\/index.php\/services\/brake-repair\/\" title=\"Brake Repair\">Brake Repair<span><i class=\"fas fa-arrow-right\"><\/i><\/span><\/a><\/li><li><a href=\"https:\/\/adsmethod.com\/demolar\/otomotiv\/1\/index.php\/services\/car-repair\/\" title=\"Car Repair\">Car Repair<span><i class=\"fas fa-arrow-right\"><\/i><\/span><\/a><\/li><li><a href=\"https:\/\/adsmethod.com\/demolar\/otomotiv\/1\/index.php\/services\/engine-repairing\/\" title=\"Engine repairing\">Engine repairing<span><i class=\"fas fa-arrow-right\"><\/i><\/span><\/a><\/li><\/ul><\/div><\/div><div id=\"text-1\" class=\"widget-2 widget_text\">\t\t\t<div class=\"textwidget\"><div class=\"ltn__search-widget ltn__newsletter-widget\">\n<h6 class=\"ltn__widget-sub-title\">\/\/ subscribe<\/h6>\n<h4 class=\"ltn__widget-title\">Get Newsletter<\/h4>\n\n<div class=\"wpcf7 no-js\" id=\"wpcf7-f443-o1\" lang=\"en-US\" dir=\"ltr\">\n<div class=\"screen-reader-response\"><p role=\"status\" aria-live=\"polite\" aria-atomic=\"true\"><\/p> <ul><\/ul><\/div>\n<form action=\"\/demolar\/otomotiv\/1\/index.php\/wp-json\/wp\/v2\/pages\/384#wpcf7-f443-o1\" method=\"post\" class=\"wpcf7-form init\" aria-label=\"Contact form\" novalidate=\"novalidate\" data-status=\"init\">\n<div style=\"display: none;\">\n<input type=\"hidden\" name=\"_wpcf7\" value=\"443\" \/>\n<input type=\"hidden\" name=\"_wpcf7_version\" value=\"5.9.3\" \/>\n<input type=\"hidden\" name=\"_wpcf7_locale\" value=\"en_US\" \/>\n<input type=\"hidden\" name=\"_wpcf7_unit_tag\" value=\"wpcf7-f443-o1\" \/>\n<input type=\"hidden\" name=\"_wpcf7_container_post\" value=\"0\" \/>\n<input type=\"hidden\" name=\"_wpcf7_posted_data_hash\" value=\"\" \/>\n<\/div>\n<div>\n\t<p><span class=\"wpcf7-form-control-wrap\" data-name=\"your-email\"><input size=\"40\" class=\"wpcf7-form-control wpcf7-email wpcf7-validates-as-required wpcf7-text wpcf7-validates-as-email\" aria-required=\"true\" aria-invalid=\"false\" placeholder=\"Email\" value=\"\" type=\"email\" name=\"your-email\" \/><\/span><button type=\"submit\" class=\"wpcf7-form-control has-spinner wpcf7-submit\"><i class=\"fas fa-search\"><\/i><\/button>\n\t<\/p>\n<\/div><div class=\"wpcf7-response-output\" aria-hidden=\"true\"><\/div>\n<\/form>\n<\/div>\n\n<div class=\"ltn__newsletter-bg-icon\">\n        <i class=\"fas fa-envelope-open-text\"><\/i>\n    <\/div>\n<\/div>\n<\/div>\n\t\t<\/div><div id=\"media_image-2\" class=\"widget-2 widget_media_image\"><a href=\"#\"><img fetchpriority=\"high\" decoding=\"async\" width=\"600\" height=\"633\" src=\"https:\/\/adsmethod.com\/demolar\/otomotiv\/1\/wp-content\/uploads\/2021\/11\/banner-1.jpg\" class=\"image wp-image-444  attachment-full size-full\" alt=\"\" style=\"max-width: 100%; height: auto;\" srcset=\"https:\/\/adsmethod.com\/demolar\/otomotiv\/1\/wp-content\/uploads\/2021\/11\/banner-1.jpg 600w, https:\/\/adsmethod.com\/demolar\/otomotiv\/1\/wp-content\/uploads\/2021\/11\/banner-1-284x300.jpg 284w\" sizes=\"(max-width: 600px) 100vw, 600px\" \/><\/a><\/div>\t\t<\/div>\n\t\t\t\t<\/div>\n\t\t\t\t\t<\/div>\n\t\t<\/div>\n\t\t\t\t\t<\/div>\n\t\t<\/section>\n\t\t\t\t<section class=\"elementor-section elementor-top-section elementor-element elementor-element-35702f2 elementor-section-full_width elementor-section-height-default elementor-section-height-default\" data-id=\"35702f2\" data-element_type=\"section\">\n\t\t\t\t\t\t<div class=\"elementor-container elementor-column-gap-no\">\n\t\t\t\t\t<div class=\"elementor-column elementor-col-100 elementor-top-column elementor-element elementor-element-449b59a\" data-id=\"449b59a\" data-element_type=\"column\">\n\t\t\t<div class=\"elementor-widget-wrap elementor-element-populated\">\n\t\t\t\t\t\t<div class=\"elementor-element elementor-element-1d5b1ad elementor-widget elementor-widget-autixir_counterup\" data-id=\"1d5b1ad\" data-element_type=\"widget\" data-widget_type=\"autixir_counterup.default\">\n\t\t\t\t<div class=\"elementor-widget-container\">\n\t\t\t    <div class=\"ltn__counterup-area bg-image bg-overlay-theme-black-80 pt-115 pb-70\" data-bs-bg=\"https:\/\/adsmethod.com\/demolar\/otomotiv\/1\/wp-content\/uploads\/2021\/10\/5.jpg\">\r\n        <div class=\"container\">\r\n            <div class=\"row\">\r\n                <div class=\"col-lg-4 col-md-12\">\r\n                    <div class=\"section-title-area ltn__section-title-2\">\r\n                        <h6 class=\"section-subtitle white-color\">\/\/ activity<\/h6>\r\n                        <h1 class=\"section-title white-color\">It\u2019s Our Journey<span>.<\/span><\/h1>\r\n                    <\/div>\r\n                <\/div>\r\n                                <div class=\"col-lg-2 col-md-3 col-sm-6 align-self-center\">\r\n                    <div class=\"ltn__counterup-item-3 text-color-white\">\r\n                        <div class=\"counter-icon\"> \/\/ <\/div>\r\n                        <h1>\r\n                        <span class=\"counter\">733<\/span><span class=\"counterUp-icon\">+<\/span>\r\n                        <\/h1>\r\n                        <h6>Active Clients<\/h6>\r\n                    <\/div>\r\n                <\/div>\r\n                                <div class=\"col-lg-2 col-md-3 col-sm-6 align-self-center\">\r\n                    <div class=\"ltn__counterup-item-3 text-color-white\">\r\n                        <div class=\"counter-icon\"> \/\/ <\/div>\r\n                        <h1>\r\n                        <span class=\"counter\">33<\/span><span class=\"counterUp-letter\">K<\/span><span class=\"counterUp-icon\">+<\/span>\r\n                        <\/h1>\r\n                        <h6>Cup Of Coffee<\/h6>\r\n                    <\/div>\r\n                <\/div>\r\n                                <div class=\"col-lg-2 col-md-3 col-sm-6 align-self-center\">\r\n                    <div class=\"ltn__counterup-item-3 text-color-white\">\r\n                        <div class=\"counter-icon\"> \/\/ <\/div>\r\n                        <h1>\r\n                        <span class=\"counter\">100<\/span><span class=\"counterUp-icon\">+<\/span>\r\n                        <\/h1>\r\n                        <h6>Get Rewards<\/h6>\r\n                    <\/div>\r\n                <\/div>\r\n                                <div class=\"col-lg-2 col-md-3 col-sm-6 align-self-center\">\r\n                    <div class=\"ltn__counterup-item-3 text-color-white\">\r\n                        <div class=\"counter-icon\"> \/\/ <\/div>\r\n                        <h1>\r\n                        <span class=\"counter\">21<\/span><span class=\"counterUp-icon\">+<\/span>\r\n                        <\/h1>\r\n                        <h6>Country Cover<\/h6>\r\n                    <\/div>\r\n                <\/div>\r\n                 \r\n            <\/div>\r\n        <\/div>\r\n    <\/div>\r\n \t\t<\/div>\n\t\t\t\t<\/div>\n\t\t\t\t\t<\/div>\n\t\t<\/div>\n\t\t\t\t\t<\/div>\n\t\t<\/section>\n\t\t\t\t<section class=\"elementor-section elementor-top-section elementor-element elementor-element-2f91fbb elementor-section-full_width elementor-section-height-default elementor-section-height-default\" data-id=\"2f91fbb\" data-element_type=\"section\">\n\t\t\t\t\t\t<div class=\"elementor-container elementor-column-gap-no\">\n\t\t\t\t\t<div class=\"elementor-column elementor-col-100 elementor-top-column elementor-element elementor-element-2d8899d\" data-id=\"2d8899d\" data-element_type=\"column\">\n\t\t\t<div class=\"elementor-widget-wrap elementor-element-populated\">\n\t\t\t\t\t\t<div class=\"elementor-element elementor-element-c9b5b39 elementor-widget elementor-widget-autixir_blog\" data-id=\"c9b5b39\" data-element_type=\"widget\" data-widget_type=\"autixir_blog.default\">\n\t\t\t\t<div class=\"elementor-widget-container\">\n\t\t\t        <div class=\"ltn__blog-area pt-115 pb-90 \">\r\n        <div class=\"container\">\r\n            <div class=\"row\">\r\n                <div class=\"col-lg-12\">\r\n                    <div class=\"section-title-area ltn__section-title-2 text-center\">\r\n                        <h6 class=\"section-subtitle ltn__secondary-color\">\/\/ blog & insights<\/h6>\r\n                        <h1 class=\"section-title\">News Feeds<span>.<\/span><\/h1>\r\n                    <\/div>\r\n                <\/div>\r\n            <\/div>\r\n            <div class=\"row  ltn__blog-slider-one-active slick-arrow-1\">\r\n              \r\n                <div class=\"col-lg-12\">\r\n                    <div class=\"ltn__blog-item ltn__blog-item-4 bg-image\" data-bs-bg=\"\">\r\n                        <div class=\"ltn__blog-brief\">\r\n                            <div class=\"ltn__blog-meta\">\r\n                                <ul>\r\n                                    <li class=\"ltn__blog-author\">\r\n                                    <a href=\"https:\/\/adsmethod.com\/demolar\/otomotiv\/1\/index.php\/author\/admin\/\"><i class=\"far fa-user\"><\/i>By: admin<\/a>                                    <\/li>\r\n                                    <li class=\"ltn__blog-tags\">\r\n                                    <i class=\"fas fa-tags\"><\/i><a href=\"https:\/\/adsmethod.com\/demolar\/otomotiv\/1\/index.php\/category\/genel\/\" rel=\"category tag\">Genel<\/a>                                    <\/li>\r\n                                <\/ul>\r\n                            <\/div>\r\n                            <h3 class=\"ltn__blog-title\"><a href=\"https:\/\/adsmethod.com\/demolar\/otomotiv\/1\/index.php\/2024\/05\/02\/merhaba-dunya\/\">Merhaba d\u00fcnya!<\/a><\/h3>\r\n                            <p>\r\n                            WordPress&#8217;e ho\u015f geldiniz. Bu sizin ilk yaz\u0131n\u0131z. Bu yaz\u0131y\u0131 d\u00fczenleyin ya da silin. Sonra yazmaya ba...                            <\/p>\r\n                            <div class=\"ltn__blog-meta-btn\">\r\n                                <div class=\"ltn__blog-meta\">\r\n                                    <ul>\r\n                                        <li class=\"ltn__blog-date\"><i class=\"far fa-calendar-alt\"><\/i> 2 May\u0131s 2024<\/li>\r\n                                    <\/ul>\r\n                                <\/div>\r\n                                                                <div class=\"ltn__blog-btn\">\r\n                                    <a href=\"https:\/\/adsmethod.com\/demolar\/otomotiv\/1\/index.php\/2024\/05\/02\/merhaba-dunya\/\">Read More<\/a>\r\n                                <\/div>\r\n                                                            <\/div>\r\n                        <\/div>\r\n                    <\/div>\r\n                <\/div>\r\n                  \r\n                <div class=\"col-lg-12\">\r\n                    <div class=\"ltn__blog-item ltn__blog-item-4 bg-image\" data-bs-bg=\"https:\/\/adsmethod.com\/demolar\/otomotiv\/1\/wp-content\/uploads\/2021\/10\/31.jpg\">\r\n                        <div class=\"ltn__blog-brief\">\r\n                            <div class=\"ltn__blog-meta\">\r\n                                <ul>\r\n                                    <li class=\"ltn__blog-author\">\r\n                                    <a href=\"https:\/\/adsmethod.com\/demolar\/otomotiv\/1\/index.php\/author\/admin\/\"><i class=\"far fa-user\"><\/i>By: admin<\/a>                                    <\/li>\r\n                                    <li class=\"ltn__blog-tags\">\r\n                                    <i class=\"fas fa-tags\"><\/i><a href=\"https:\/\/adsmethod.com\/demolar\/otomotiv\/1\/index.php\/category\/technology\/\" rel=\"category tag\">Technology<\/a>                                    <\/li>\r\n                                <\/ul>\r\n                            <\/div>\r\n                            <h3 class=\"ltn__blog-title\"><a href=\"https:\/\/adsmethod.com\/demolar\/otomotiv\/1\/index.php\/2022\/01\/07\/electric-car-maintenance-servicing-repairs\/\">Electric Car Maintenance, Servicing &#038; Repairs<\/a><\/h3>\r\n                            <p>\r\n                            Lorem ipsum dolor sit amet, consectetur adipisicing elit, sed do eiusmod tempor incididunt ut labore et dolore...                            <\/p>\r\n                            <div class=\"ltn__blog-meta-btn\">\r\n                                <div class=\"ltn__blog-meta\">\r\n                                    <ul>\r\n                                        <li class=\"ltn__blog-date\"><i class=\"far fa-calendar-alt\"><\/i> 7 Ocak 2022<\/li>\r\n                                    <\/ul>\r\n                                <\/div>\r\n                                                                <div class=\"ltn__blog-btn\">\r\n                                    <a href=\"https:\/\/adsmethod.com\/demolar\/otomotiv\/1\/index.php\/2022\/01\/07\/electric-car-maintenance-servicing-repairs\/\">Read More<\/a>\r\n                                <\/div>\r\n                                                            <\/div>\r\n                        <\/div>\r\n                    <\/div>\r\n                <\/div>\r\n                  \r\n                <div class=\"col-lg-12\">\r\n                    <div class=\"ltn__blog-item ltn__blog-item-4 bg-image\" data-bs-bg=\"https:\/\/adsmethod.com\/demolar\/otomotiv\/1\/wp-content\/uploads\/2021\/10\/32.jpg\">\r\n                        <div class=\"ltn__blog-brief\">\r\n                            <div class=\"ltn__blog-meta\">\r\n                                <ul>\r\n                                    <li class=\"ltn__blog-author\">\r\n                                    <a href=\"https:\/\/adsmethod.com\/demolar\/otomotiv\/1\/index.php\/author\/admin\/\"><i class=\"far fa-user\"><\/i>By: admin<\/a>                                    <\/li>\r\n                                    <li class=\"ltn__blog-tags\">\r\n                                    <i class=\"fas fa-tags\"><\/i><a href=\"https:\/\/adsmethod.com\/demolar\/otomotiv\/1\/index.php\/category\/technology\/\" rel=\"category tag\">Technology<\/a>                                    <\/li>\r\n                                <\/ul>\r\n                            <\/div>\r\n                            <h3 class=\"ltn__blog-title\"><a href=\"https:\/\/adsmethod.com\/demolar\/otomotiv\/1\/index.php\/2022\/01\/07\/common-engine-oil-problems-and-solutions\/\">Common Engine Oil Problems and Solutions<\/a><\/h3>\r\n                            <p>\r\n                            Lorem ipsum dolor sit amet, consectetur adipisicing elit, sed do eiusmod tempor incididunt ut labore et dolore...                            <\/p>\r\n                            <div class=\"ltn__blog-meta-btn\">\r\n                                <div class=\"ltn__blog-meta\">\r\n                                    <ul>\r\n                                        <li class=\"ltn__blog-date\"><i class=\"far fa-calendar-alt\"><\/i> 7 Ocak 2022<\/li>\r\n                                    <\/ul>\r\n                                <\/div>\r\n                                                                <div class=\"ltn__blog-btn\">\r\n                                    <a href=\"https:\/\/adsmethod.com\/demolar\/otomotiv\/1\/index.php\/2022\/01\/07\/common-engine-oil-problems-and-solutions\/\">Read More<\/a>\r\n                                <\/div>\r\n                                                            <\/div>\r\n                        <\/div>\r\n                    <\/div>\r\n                <\/div>\r\n                 \r\n            <\/div>\r\n        <\/div>\r\n    <\/div>\r\n    \t\t<\/div>\n\t\t\t\t<\/div>\n\t\t\t\t\t<\/div>\n\t\t<\/div>\n\t\t\t\t\t<\/div>\n\t\t<\/section>\n\t\t\t\t<\/div>\n\t\t","protected":false},"excerpt":{"rendered":"<p>How to buy a product? Lorem ipsum dolor sit amet, consect etur adipisicing elit, sed do eiusmod tempor incididunt ut labore. How can i make refund from your website? Lorem ipsum dolor sit amet, consect etur adipisicing elit, sed do eiusmod tempor incididunt ut labore. I am a new user. How should I start? Lorem [&hellip;]<\/p>\n","protected":false},"author":1,"featured_media":0,"parent":0,"menu_order":0,"comment_status":"closed","ping_status":"closed","template":"elementor_header_footer","meta":{"footnotes":""},"class_list":["post-384","page","type-page","status-publish","hentry"],"_links":{"self":[{"href":"https:\/\/adsmethod.com\/demolar\/otomotiv\/1\/index.php\/wp-json\/wp\/v2\/pages\/384","targetHints":{"allow":["GET"]}}],"collection":[{"href":"https:\/\/adsmethod.com\/demolar\/otomotiv\/1\/index.php\/wp-json\/wp\/v2\/pages"}],"about":[{"href":"https:\/\/adsmethod.com\/demolar\/otomotiv\/1\/index.php\/wp-json\/wp\/v2\/types\/page"}],"author":[{"embeddable":true,"href":"https:\/\/adsmethod.com\/demolar\/otomotiv\/1\/index.php\/wp-json\/wp\/v2\/users\/1"}],"replies":[{"embeddable":true,"href":"https:\/\/adsmethod.com\/demolar\/otomotiv\/1\/index.php\/wp-json\/wp\/v2\/comments?post=384"}],"version-history":[{"count":0,"href":"https:\/\/adsmethod.com\/demolar\/otomotiv\/1\/index.php\/wp-json\/wp\/v2\/pages\/384\/revisions"}],"wp:attachment":[{"href":"https:\/\/adsmethod.com\/demolar\/otomotiv\/1\/index.php\/wp-json\/wp\/v2\/media?parent=384"}],"curies":[{"name":"wp","href":"https:\/\/api.w.org\/{rel}","templated":true}]}}